
-176
In base 3, what is -1021111 + 2?
-1021102
In base 6, what is 10042 - 24?
10014
In base 11, what is -50 - 85?
-125
In base 11, what is -2 + 29?
27
In base 15, what is -189 + -c?
-196
In base 9, what is 180 - 0?
180
In base 6, what is 41 - -5?
50
In base 11, what is -2 + -6?
-8
In base 8, what is -210 + 3?
-205
In base 14, what is c7 - 3a?
8b
In base 12, what is 2 + -8a2?
-8a0
In base 7, what is -1 - 31?
-32
In base 10, what is 4 - 470?
-466
In base 8, what is 546 + -15?
531
In base 7, what is -50 - 3?
-53
In base 6, what is 4 + -115?
-111
In base 6, what is -5 + -223?
-232
In base 11, what is -4 + -3392?
-3396
In base 2, what is 100111010 + 10011?
101001101
In base 12, what is -4 + 48?
44
In base 13, what is 3 + -13b?
-138
In base 12, what is 2 + -209?
-207
In base 8, what is -5 + -100?
-105
In base 10, what is 130 + 1?
131
In base 3, what is 202 + -12020?
-11111
In base 10, what is 11 + -129?
-118
In base 16, what is 1 + 1e?
1f
In base 10, what is 18 - 2?
16
In base 8, what is 2 + 245?
247
In base 7, what is 0 - 206?
-206
In base 11, what is 1105 + -4?
1101
In base 14, what is 52c + -1?
52b
In base 5, what is 113 - 4021?
-3403
In base 7, what is 1 - -62?
63
In base 6, what is 3 - 250?
-243
In base 15, what is 1 + -1c9?
-1c8
In base 3, what is 1102010 - 11?
1101222
In base 7, what is -4 - -2?
-2
In base 8, what is -60 + 71?
11
In base 12, what is -a + -1b4?
-202
In base 10, what is 15 - -18?
33
In base 13, what is -101 + 7?
-c7
In base 8, what is -1202 + -3?
-1205
In base 6, what is 4 - 11?
-3
In base 6, what is -52 - 30?
-122
In base 6, what is 13302 + 0?
13302
In base 7, what is -105 - -3?
-102
In base 13, what is -572 + -9?
-57b
In base 15, what is -6 + -59?
-60
In base 5, what is -1 - -4013?
4012
In base 5, what is -2 + -2411?
-2413
In base 14, what is 1 + -997?
-996
In base 10, what is 9 - -124?
133
In base 2, what is -100100 + 111?
-11101
In base 4, what is 11 - 12?
-1
In base 2, what is 11011010010 + -10?
11011010000
In base 5, what is 112 + -33?
24
In base 11, what is 8 + -193?
-186
In base 8, what is -5 + -625?
-632
In base 13, what is -b - -b2?
a4
In base 6, what is 0 + 552?
552
In base 2, what is -10111001 + -110?
-10111111
In base 3, what is 202021 + 211?
210002
In base 5, what is 402233 - 10?
402223
In base 16, what is 3 + -1d?
-1a
In base 3, what is 11 - 20001?
-12220
In base 11, what is 3 - -234?
237
In base 2, what is 11001 - 10001?
1000
In base 7, what is -1511 - 0?
-1511
In base 9, what is 1618 + 0?
1618
In base 4, what is -1223 + -300?
-2123
In base 8, what is 246 - -26?
274
In base 14, what is 6 - -6?
c
In base 6, what is -10020 - 5?
-10025
In base 13, what is 66 + 18?
81
In base 6, what is 215 - -23?
242
In base 16, what is -8 + -2c?
-34
In base 10, what is 43 - -46?
89
In base 12, what is -3 - -89?
86
In base 11, what is 2 + 61?
63
In base 13, what is 16 - -11?
27
In base 13, what is -1c3 - 1?
-1c4
In base 10, what is -592 - 12?
-604
In base 13, what is 2 - 2?
0
In base 9, what is -2 + 2624?
2622
In base 8, what is 5172 - -4?
5176
In base 12, what is 5 - -36?
3b
In base 7, what is -2430 + 13?
-2414
In base 11, what is -494 + 2?
-492
In base 2, what is -1001 - 11110?
-100111
In base 16, what is -4e - -2?
-4c
In base 9, what is -1045 + 0?
-1045
In base 5, what is 241212 + 4?
241221
In base 8, what is 1 + -60?
-57
In base 14, what is 1 + -132?
-131
In base 5, what is -1044 + -4?
-1103
In base 9, what is 424 + 11?
435
In base 6, what is 10 + -24?
-14
In base 14, what is -a40 - -1?
-a3d
In base 4, what is 30113 + 11?
30130
In base 14, what is -1ca - -3?
-1c7
In base 6, what is 2535 + 14?
2553
In base 4, what is 10 - 331?
-321
In base 8, what is 4 + 1404?
1410
In base 3, what is -2010120 + -1?
-2010121
In base 7, what is -3 + -1354?
-1360
In base 11, what is 11a - 6?
114
In base 6, what is -3 + -10243?
-10250
In base 15, what is -1 - 5b7?
-5b8
In base 9, what is 557 - -3?
561
In base 10, what is 4 - -1180?
1184
In base 13, what is 418 - -1?
419
In base 6, what is 43101 - -5?
43110
In base 16, what is 1 + -3c?
-3b
In base 7, what is 31432 - 3?
31426
In base 16, what is 3 - -2e?
31
In base 4, what is -1022021 + -1?
-1022022
In base 15, what is 89 - -28?
b2
In base 4, what is 133313 + 0?
133313
In base 14, what is -3 + cc6?
cc3
In base 8, what is -5112 - 3?
-5115
In base 8, what is -4 + -2?
-6
In base 2, what is -101100010000010 - -10?
-101100010000000
In base 9, what is 1775 + -1?
1774
In base 8, what is -164 - -63?
-101
In base 4, what is -1313 + 213?
-1100
In base 12, what is 2 + 526?
528
In base 4, what is -20 + -320?
-1000
In base 13, what is -6 - -9c?
96
In base 15, what is -12 - 4?
-16
In base 5, what is -11342 + -2?
-11344
In base 14, what is -4 + 11?
b
In base 12, what is 3 - -166?
169
In base 13, what is -45 - -7?
-3b
In base 9, what is 16 + -365?
-348
In base 13, what is 49b + 27?
4c5
In base 15, what is -2 + 22db?
22d9
In base 13, what is -351 + -5?
-356
In base 12, what is 5 + -221?
-218
In base 6, what is -33 + 12?
-21
In base 14, what is 680c - -4?
6812
In base 5, what is -22 - 10132?
-10204
In base 2, what is -1101111 + 1?
-1101110
In base 13, what is 2 - 570?
-56b
In base 15, what is 44 + -2c?
17
In base 5, what is -144 - -20?
-124
In base 15, what is -3 - 12?
-15
In base 9, what is 5 - 10?
-4
In base 13, what is 258 + 2?
25a
In base 12, what is 3 - 25?
-22
In base 10, what is -4 + -27?
-31
In base 12, what is -6833 - -1?
-6832
In base 5, what is -10 + 221?
211
In base 16, what is 4 - -5?
9
In base 7, what is 3 - -33156?
33162
In base 6, what is -402 + 31?
-331
In base 10, what is -2 - -271?
269
In base 5, what is 2 - 43104?
-43102
In base 12, what is -60 - 14?
-74
In base 5, what is 42 - -213?
310
In base 15, what is 1 - 1?
0
In base 12, what is -66 + 0?
-66
In base 13, what is 14bb - -3?
14c1
In base 11, what is 2 - -83?
85
In base 14, what is 5 - 2c?
-27
In base 10, what is 496 - 5?
491
In base 12, what is 1a8 + -5?
1a3
In base 5, what is -2 + 12400?
12343
In base 7, what is 5 - -125?
133
In base 2, what is -101 + -1010?
-1111
In base 10, what is 423 - -49?
472
In base 3, what is -1 - -2002?
2001
In base 6, what is -1 + -442?
-443
In base 14, what is 1 + -1?
0
In base 16, what is 3a + -1?
39
In base 3, what is 2201002 + 20?
2201022
In base 13, what is -133 + 5?
-12b
In base 2, what is -100 + 10010001110?
10010001010
In base 5, what is -3231 + 10?
-3221
In base 6, what is 134 + 1021?
1155
In base 7, what is -10 - -43?
33
In base 14, what is -4 + -12?
-16
In base 5, what is 3134 - 2?
3132
In base 7, what is -5460 + 2?
-5455
In base 2, what is 1001 - -11?
1100
In base 16, what is 2b + 3d?
68
In base 10, what is 25 + 35?
60
In base 5, what is -2314 + -3?
-2322
In base 10, what is 1 + -1974?
-1973
In base 6, what is 1 - 12244?
-12243
In base 12, what is 5 - b0?
-a7
In base 3, what is 0 + 1001?
1001
In base 4, what is 22 - 123?
-101
In base 12, what is -5 + 9?
4
In base 14, what is -201 + -4?
-205
In base 8, what is -442 + -3?
-445
In base 4, what is -313 + -2?
-321
In base 4, what is -2 - 233202?
-233210
In base 13, what is 39 + -8?
31
In base 11, what is -164a + 3?
-1647
In base 6, what is 115 + -152?
-33
In base 14, what is 7b + -3b?
40
In base 11, what is 397 - -9?
3a5
In base 15, what is 49 + -4?
45
In base 5, what is 402 - 3?
344
In base 2, what is -110001 - 1001?
-111010
In base 14, what is 1a + -25?
-9
In base 3, what is 2 - 11010?
-11001
In base 9, what is -105 - 2?
-107
In base 13, what is 115 + -6?
10c
In base 10, what is 2 - -54?
56
In base 14, what is -1d1 - 5?
-1d6
In base 7, what is -26 + 105?
46
In base 6, what is -514 + 1?
-513
In base 9, what is 2 + 84?
86
In base 14, what is 37 + -1?
36
In base 3, what is 1 + 10211001?
10211002
In base 4, what is -3 - -1010200?
1010131
In base 13, what is 7 + -25?
-1b
In base 6, what is 102 - 4?
54
In base 11, what is 1 + 1109?
110a
In base 15, what is 1b3 - 2?
1b1
In base 4, what is 21 - 132332?
-132311
In base 3, what is -10210 + 111?
-10022
In base 16, what is 66 - 3a?
2c
In base 2, what is -1 + 11011100?
11011011
In base 9, what is 3 + -3?
0
In base 3, what is 102220 + 1?
102221
In base 10, what is 6 - 11?
-5
In base 11, what is -68 + 54?
-14
In base 2, what is 11000001101 - 101?
11000001000
In base 10, what is -405 - 5?
-410
In base 11, what is 233 +